n divisor of 206 and 139462?
206
What is the greatest common factor of 51254 and 98?
98
Calculate the highest common divisor of 780 and 19245.
15
What is the greatest common factor of 142107 and 134?
67
Calculate the greatest common divisor of 21980 and 105.
35
What is the greatest common divisor of 5149 and 589?
19
Calculate the greatest common divisor of 50 and 81775.
25
Calculate the greatest common divisor of 81895 and 275.
55
What is the highest common divisor of 28 and 8519?
7
What is the highest common factor of 10179 and 1755?
351
Calculate the highest common factor of 99166 and 16066.
554
Calculate the greatest common factor of 131763 and 6012.
501
Calculate the greatest common factor of 459128 and 928.
232
What is the highest common divisor of 24 and 59448?
24
Calculate the greatest common factor of 20730 and 30.
30
Calculate the highest common divisor of 25168 and 78.
26
What is the greatest common factor of 97 and 1031?
1
Calculate the greatest common divisor of 1 and 6390.
1
Calculate the highest common divisor of 204915 and 855.
285
What is the highest common divisor of 1943 and 11792?
67
What is the highest common factor of 6979 and 497503?
997
What is the highest common factor of 10 and 78410?
10
What is the highest common divisor of 18357 and 17091?
633
Calculate the highest common divisor of 2572544 and 3865.
773
Calculate the highest common factor of 2892792 and 201.
201
Calculate the greatest common divisor of 290396 and 76.
76
Calculate the greatest common divisor of 436 and 132.
4
Calculate the highest common factor of 147685 and 10.
5
Calculate the greatest common divisor of 635 and 1015.
5
What is the greatest common divisor of 48 and 1415536?
16
What is the greatest common factor of 44415 and 67095?
945
Calculate the highest common factor of 6380 and 24186.
58
Calculate the highest common divisor of 2 and 175.
1
What is the greatest common divisor of 37267 and 3592?
449
What is the highest common factor of 1848 and 20622?
42
What is the greatest common factor of 539 and 2107?
49
What is the greatest common divisor of 60726 and 402048?
2094
Calculate the highest common divisor of 304 and 248.
8
What is the greatest common divisor of 2975 and 71575?
175
Calculate the highest common factor of 16897 and 122.
61
Calculate the highest common divisor of 16072 and 6560.
328
What is the highest common divisor of 208 and 183716?
52
Calculate the highest common divisor of 139545 and 1305.
45
What is the greatest common factor of 12183 and 5109?
393
Calculate the greatest common divisor of 70 and 7940.
10
What is the highest common divisor of 3 and 97662?
3
What is the greatest common factor of 45 and 1205?
5
Calculate the highest common divisor of 16 and 74576.
16
What is the highest common divisor of 251 and 1388281?
251
Calculate the greatest common divisor of 58256 and 22.
22
What is the greatest common divisor of 25736 and 448?
8
What is the greatest common factor of 18038 and 5287?
311
Calculate the highest common factor of 12528 and 272.
16
Calculate the highest common factor of 774 and 28251.
387
Calculate the highest common factor of 6145255 and 115.
115
Calculate the highest common factor of 42 and 29862.
42
Calculate the greatest common divisor of 2672 and 496.
16
What is the greatest common divisor of 2049824 and 196?
28
What is the highest common factor of 72 and 230796?
36
Calculate the highest common factor of 55 and 1761485.
55
What is the greatest common factor of 822 and 23290?
274
What is the greatest common factor of 10015 and 20?
5
What is the greatest common factor of 5597 and 6119?
29
What is the highest common factor of 140 and 561610?
70
Calculate the highest common divisor of 1204 and 263203.
43
Calculate the highest common divisor of 231 and 466543.
77
Calculate the greatest common factor of 45 and 840015.
45
Calculate the highest common divisor of 3222 and 36396.
18
What is the highest common factor of 70942 and 316?
158
Calculate the greatest common factor of 274 and 778.
2
What is the greatest common divisor of 132 and 5643?
33
What is the greatest common divisor of 627 and 6303?
33
What is the greatest common factor of 128 and 38096?
16
What is the highest common divisor of 554258 and 194?
194
What is the greatest common factor of 2668410 and 27?
27
What is the highest common divisor of 12 and 156516?
12
Calculate the highest common divisor of 6006 and 759.
33
What is the greatest common divisor of 176 and 1652596?
44
What is the highest common factor of 651 and 2352?
21
Calculate the greatest common divisor of 8553856 and 256.
128
Calculate the highest common factor of 13125741 and 62.
31
Calculate the greatest common factor of 527 and 1395.
31
Calculate the highest common divisor of 564 and 2700.
12
Calculate the highest common divisor of 816 and 663.
51
Calculate the greatest common divisor of 70 and 71743.
7
Calculate the greatest common factor of 8 and 2119672.
8
What is the greatest common factor of 177632 and 28?
28
Calculate the highest common factor of 75095 and 5635.
115
Calculate the greatest common divisor of 47 and 180292.
47
What is the highest common divisor of 528 and 144276?
132
What is the highest common factor of 8 and 49208?
8
Calculate the greatest common factor of 2300 and 9499.
23
Calculate the highest common divisor of 21756 and 228.
12
Calculate the greatest common divisor of 1085 and 1435.
35
What is the greatest common factor of 26130 and 377?
13
Calculate the greatest common factor of 9192 and 1128.
24
Calculate the highest common factor of 16215 and 120837.
141
What is the greatest common factor of 1539 and 74574?
27
Calculate the highest common factor of 39547 and 1136.
71
What is the highest common factor of 82 and 59819?
41
Calculate the greatest common factor of 152 and 270808.
8
What is the highest common factor of 8 and 5114536?
8
Calculate the greatest common divisor of 8 and 389712.
8
What is the highest common divisor of 875 and 1679125?
875
Calculate the greatest common factor of 31 and 11966.
31
What is the greatest common divisor of 192 and 10740?
12
What is the greatest common factor of 6 and 990156?
6
What is the highest common divisor of 330 and 45694?
22
What is the greatest common divisor of 766417 and 1318?
659
What is the highest common factor of 92916 and 1508?
116
What is the greatest common factor of 395658 and 27?
27
Calculate the greatest common factor of 90328 and 623.
7
What is the highest common factor of 3893954 and 202?
202
Calculate the greatest common divisor of 7385 and 490.
35
Calculate the greatest common divisor of 440 and 981880.
40
Calculate the highest common factor of 35 and 5166.
7
What is the highest common factor of 322 and 29992?
46
Calculate the highest common factor of 333 and 3515.
37
What is the highest common divisor of 816 and 102?
102
Calculate the greatest common divisor of 8464 and 368.
368
Calculate the greatest common divisor of 902241 and 153.
153
What is the greatest common factor of 3870 and 20?
10
Calculate the highest common divisor of 152952 and 24.
24
Calculate the highest common factor of 42 and 2154.
6
Calculate the highest common factor of 84 and 40089.
21
Calculate the highest common divisor of 2010 and 137015.
335
What is the greatest common divisor of 204 and 18672?
12
What is the greatest common factor of 1178 and 2033?
19
What is the greatest common factor of 19074654 and 36?
18
What is the highest common factor of 30310 and 532?
14
Calculate the highest common factor of 4212 and 6696.
108
Calculate the greatest common factor of 8587 and 589.
31
Calculate the highest common factor of 250536 and 88.
88
What is the highest common factor of 8526 and 10878?
294
What is the highest common divisor of 31 and 309597?
31
What is the greatest common divisor of 32530 and 140?
10
What is the highest common divisor of 8611886 and 82?
82
What is the greatest common factor of 15070 and 352?
22
Calculate the greatest common divisor of 19 and 251161.
19
What is the highest common factor of 143 and 9581?
143
What is the greatest common factor of 40 and 37690?
10
What is the highest common factor of 198781 and 24449?
1063
Calculate the highest common factor of 42488 and 6328.
904
What is the highest common factor of 2